{"id":77280,"date":"2024-01-24T11:03:25","date_gmt":"2024-01-24T09:03:25","guid":{"rendered":"https:\/\/astridlindgrensvarld.se\/teatern\/forestallning\/lillebror-trifft-karlsson-vom-dach\/"},"modified":"2025-11-18T12:00:34","modified_gmt":"2025-11-18T10:00:34","slug":"lillebror-trifft-karlsson-vom-dach","status":"publish","type":"shows","link":"https:\/\/astridlindgrensvarld.se\/de\/theater\/vorstellung\/lillebror-trifft-karlsson-vom-dach\/","title":{"rendered":"Karlsson treibt wieder Schabernack"},"content":{"rendered":"","protected":false},"author":5,"featured_media":0,"template":"","character":[274],"seasons":[],"scene":[287,215],"class_list":["post-77280","shows","type-shows","status-publish","hentry"],"acf":{"show_title":"Lillebror trifft Karlsson vom Dach","image_or_video":false,"image":82167,"video":null,"textblock_text":"Heute war einer dieser bl\u00f6den Tage, an dem es \u00fcberhaupt keinen Spa\u00df machte, Lillebror zu sein. Mama hat Blutarmut und muss verreisen und sich eine Weile ausruhen und es kommt eine Haush\u00e4lterin, Fr\u00e4ulein Bock, die sich tags\u00fcber, wenn Papa arbeitet, um Lillebror k\u00fcmmert. Und Lillebror f\u00fchlt sich pl\u00f6tzlich ganz alleine auf der Welt. Aber dann h\u00f6rt er pl\u00f6tzlich ein Surren vor dem Fenster ...","button_link":""},"yoast_head":"<!-- This site is optimized with the Yoast SEO plugin v27.5 - https:\/\/yoast.com\/product\/yoast-seo-wordpress\/ -->\n<title>Karlsson treibt wieder Schabernack | Astrid Lindgrens V\u00e4rld<\/title>\n<meta name=\"robots\" content=\"index, follow, max-snippet:-1, max-image-preview:large, max-video-preview:-1\" \/>\n<link rel=\"canonical\" href=\"https:\/\/astridlindgrensvarld.se\/de\/theater\/vorstellung\/lillebror-trifft-karlsson-vom-dach\/\" \/>\n<meta property=\"og:locale\" content=\"de_DE\" \/>\n<meta property=\"og:type\" content=\"article\" \/>\n<meta property=\"og:title\" content=\"Karlsson treibt wieder Schabernack | Astrid Lindgrens V\u00e4rld\" \/>\n<meta property=\"og:url\" content=\"https:\/\/astridlindgrensvarld.se\/de\/theater\/vorstellung\/lillebror-trifft-karlsson-vom-dach\/\" \/>\n<meta property=\"og:site_name\" content=\"Astrid Lindgrens V\u00e4rld\" \/>\n<meta property=\"article:modified_time\" content=\"2025-11-18T10:00:34+00:00\" \/>\n<meta name=\"twitter:card\" content=\"summary_large_image\" \/>\n<script type=\"application\/ld+json\" class=\"yoast-schema-graph\">{\"@context\":\"https:\\\/\\\/schema.org\",\"@graph\":[{\"@type\":\"WebPage\",\"@id\":\"https:\\\/\\\/astridlindgrensvarld.se\\\/de\\\/theater\\\/vorstellung\\\/lillebror-trifft-karlsson-vom-dach\\\/\",\"url\":\"https:\\\/\\\/astridlindgrensvarld.se\\\/de\\\/theater\\\/vorstellung\\\/lillebror-trifft-karlsson-vom-dach\\\/\",\"name\":\"Karlsson treibt wieder Schabernack | Astrid Lindgrens V\u00e4rld\",\"isPartOf\":{\"@id\":\"https:\\\/\\\/astridlindgrensvarld.se\\\/#website\"},\"datePublished\":\"2024-01-24T09:03:25+00:00\",\"dateModified\":\"2025-11-18T10:00:34+00:00\",\"breadcrumb\":{\"@id\":\"https:\\\/\\\/astridlindgrensvarld.se\\\/de\\\/theater\\\/vorstellung\\\/lillebror-trifft-karlsson-vom-dach\\\/#breadcrumb\"},\"inLanguage\":\"de\",\"potentialAction\":[{\"@type\":\"ReadAction\",\"target\":[\"https:\\\/\\\/astridlindgrensvarld.se\\\/de\\\/theater\\\/vorstellung\\\/lillebror-trifft-karlsson-vom-dach\\\/\"]}]},{\"@type\":\"BreadcrumbList\",\"@id\":\"https:\\\/\\\/astridlindgrensvarld.se\\\/de\\\/theater\\\/vorstellung\\\/lillebror-trifft-karlsson-vom-dach\\\/#breadcrumb\",\"itemListElement\":[{\"@type\":\"ListItem\",\"position\":1,\"name\":\"Home\",\"item\":\"https:\\\/\\\/astridlindgrensvarld.se\\\/de\\\/\"},{\"@type\":\"ListItem\",\"position\":2,\"name\":\"Karlsson treibt wieder Schabernack\"}]},{\"@type\":\"WebSite\",\"@id\":\"https:\\\/\\\/astridlindgrensvarld.se\\\/#website\",\"url\":\"https:\\\/\\\/astridlindgrensvarld.se\\\/\",\"name\":\"Astrid Lindgrens V\u00e4rld\",\"description\":\"\",\"potentialAction\":[{\"@type\":\"SearchAction\",\"target\":{\"@type\":\"EntryPoint\",\"urlTemplate\":\"https:\\\/\\\/astridlindgrensvarld.se\\\/?s={search_term_string}\"},\"query-input\":{\"@type\":\"PropertyValueSpecification\",\"valueRequired\":true,\"valueName\":\"search_term_string\"}}],\"inLanguage\":\"de\"}]}<\/script>\n<!-- \/ Yoast SEO plugin. -->","yoast_head_json":{"title":"Karlsson treibt wieder Schabernack | Astrid Lindgrens V\u00e4rld","robots":{"index":"index","follow":"follow","max-snippet":"max-snippet:-1","max-image-preview":"max-image-preview:large","max-video-preview":"max-video-preview:-1"},"canonical":"https:\/\/astridlindgrensvarld.se\/de\/theater\/vorstellung\/lillebror-trifft-karlsson-vom-dach\/","og_locale":"de_DE","og_type":"article","og_title":"Karlsson treibt wieder Schabernack | Astrid Lindgrens V\u00e4rld","og_url":"https:\/\/astridlindgrensvarld.se\/de\/theater\/vorstellung\/lillebror-trifft-karlsson-vom-dach\/","og_site_name":"Astrid Lindgrens V\u00e4rld","article_modified_time":"2025-11-18T10:00:34+00:00","twitter_card":"summary_large_image","schema":{"@context":"https:\/\/schema.org","@graph":[{"@type":"WebPage","@id":"https:\/\/astridlindgrensvarld.se\/de\/theater\/vorstellung\/lillebror-trifft-karlsson-vom-dach\/","url":"https:\/\/astridlindgrensvarld.se\/de\/theater\/vorstellung\/lillebror-trifft-karlsson-vom-dach\/","name":"Karlsson treibt wieder Schabernack | Astrid Lindgrens V\u00e4rld","isPartOf":{"@id":"https:\/\/astridlindgrensvarld.se\/#website"},"datePublished":"2024-01-24T09:03:25+00:00","dateModified":"2025-11-18T10:00:34+00:00","breadcrumb":{"@id":"https:\/\/astridlindgrensvarld.se\/de\/theater\/vorstellung\/lillebror-trifft-karlsson-vom-dach\/#breadcrumb"},"inLanguage":"de","potentialAction":[{"@type":"ReadAction","target":["https:\/\/astridlindgrensvarld.se\/de\/theater\/vorstellung\/lillebror-trifft-karlsson-vom-dach\/"]}]},{"@type":"BreadcrumbList","@id":"https:\/\/astridlindgrensvarld.se\/de\/theater\/vorstellung\/lillebror-trifft-karlsson-vom-dach\/#breadcrumb","itemListElement":[{"@type":"ListItem","position":1,"name":"Home","item":"https:\/\/astridlindgrensvarld.se\/de\/"},{"@type":"ListItem","position":2,"name":"Karlsson treibt wieder Schabernack"}]},{"@type":"WebSite","@id":"https:\/\/astridlindgrensvarld.se\/#website","url":"https:\/\/astridlindgrensvarld.se\/","name":"Astrid Lindgrens V\u00e4rld","description":"","potentialAction":[{"@type":"SearchAction","target":{"@type":"EntryPoint","urlTemplate":"https:\/\/astridlindgrensvarld.se\/?s={search_term_string}"},"query-input":{"@type":"PropertyValueSpecification","valueRequired":true,"valueName":"search_term_string"}}],"inLanguage":"de"}]}},"_links":{"self":[{"href":"https:\/\/astridlindgrensvarld.se\/de\/wp-json\/wp\/v2\/shows\/77280","targetHints":{"allow":["GET"]}}],"collection":[{"href":"https:\/\/astridlindgrensvarld.se\/de\/wp-json\/wp\/v2\/shows"}],"about":[{"href":"https:\/\/astridlindgrensvarld.se\/de\/wp-json\/wp\/v2\/types\/shows"}],"author":[{"embeddable":true,"href":"https:\/\/astridlindgrensvarld.se\/de\/wp-json\/wp\/v2\/users\/5"}],"version-history":[{"count":3,"href":"https:\/\/astridlindgrensvarld.se\/de\/wp-json\/wp\/v2\/shows\/77280\/revisions"}],"predecessor-version":[{"id":82338,"href":"https:\/\/astridlindgrensvarld.se\/de\/wp-json\/wp\/v2\/shows\/77280\/revisions\/82338"}],"wp:attachment":[{"href":"https:\/\/astridlindgrensvarld.se\/de\/wp-json\/wp\/v2\/media?parent=77280"}],"wp:term":[{"taxonomy":"character","embeddable":true,"href":"https:\/\/astridlindgrensvarld.se\/de\/wp-json\/wp\/v2\/character?post=77280"},{"taxonomy":"seasons","embeddable":true,"href":"https:\/\/astridlindgrensvarld.se\/de\/wp-json\/wp\/v2\/seasons?post=77280"},{"taxonomy":"scene","embeddable":true,"href":"https:\/\/astridlindgrensvarld.se\/de\/wp-json\/wp\/v2\/scene?post=77280"}],"curies":[{"name":"wp","href":"https:\/\/api.w.org\/{rel}","templated":true}]}}

Heute war einer dieser blöden Tage, an dem es überhaupt keinen Spaß machte, Lillebror zu sein. Mama hat Blutarmut und muss verreisen und sich eine Weile ausruhen und es kommt eine Haushälterin, Fräulein Bock, die sich tagsüber, wenn Papa arbeitet, um Lillebror kümmert. Und Lillebror fühlt sich plötzlich ganz alleine auf der Welt. Aber dann hört er plötzlich ein Surren vor dem Fenster ...

<!-- This site is optimized with the Yoast SEO plugin v27.5 - https://yoast.com/product/yoast-seo-wordpress/ -->
<title>Karlsson treibt wieder Schabernack | Astrid Lindgrens Värld</title>
<meta name="robots" content="index, follow, max-snippet:-1, max-image-preview:large, max-video-preview:-1" />
<link rel="canonical" href="https://astridlindgrensvarld.se/de/theater/vorstellung/lillebror-trifft-karlsson-vom-dach/" />
<meta property="og:locale" content="de_DE" />
<meta property="og:type" content="article" />
<meta property="og:title" content="Karlsson treibt wieder Schabernack | Astrid Lindgrens Värld" />
<meta property="og:url" content="https://astridlindgrensvarld.se/de/theater/vorstellung/lillebror-trifft-karlsson-vom-dach/" />
<meta property="og:site_name" content="Astrid Lindgrens Värld" />
<meta property="article:modified_time" content="2025-11-18T10:00:34+00:00" />
<meta name="twitter:card" content="summary_large_image" />
<script type="application/ld+json" class="yoast-schema-graph">{"@context":"https:\/\/schema.org","@graph":[{"@type":"WebPage","@id":"https:\/\/astridlindgrensvarld.se\/de\/theater\/vorstellung\/lillebror-trifft-karlsson-vom-dach\/","url":"https:\/\/astridlindgrensvarld.se\/de\/theater\/vorstellung\/lillebror-trifft-karlsson-vom-dach\/","name":"Karlsson treibt wieder Schabernack | Astrid Lindgrens Värld","isPartOf":{"@id":"https:\/\/astridlindgrensvarld.se\/#website"},"datePublished":"2024-01-24T09:03:25+00:00","dateModified":"2025-11-18T10:00:34+00:00","breadcrumb":{"@id":"https:\/\/astridlindgrensvarld.se\/de\/theater\/vorstellung\/lillebror-trifft-karlsson-vom-dach\/#breadcrumb"},"inLanguage":"de","potentialAction":[{"@type":"ReadAction","target":["https:\/\/astridlindgrensvarld.se\/de\/theater\/vorstellung\/lillebror-trifft-karlsson-vom-dach\/"]}]},{"@type":"BreadcrumbList","@id":"https:\/\/astridlindgrensvarld.se\/de\/theater\/vorstellung\/lillebror-trifft-karlsson-vom-dach\/#breadcrumb","itemListElement":[{"@type":"ListItem","position":1,"name":"Home","item":"https:\/\/astridlindgrensvarld.se\/de\/"},{"@type":"ListItem","position":2,"name":"Karlsson treibt wieder Schabernack"}]},{"@type":"WebSite","@id":"https:\/\/astridlindgrensvarld.se\/#website","url":"https:\/\/astridlindgrensvarld.se\/","name":"Astrid Lindgrens Värld","description":"","potentialAction":[{"@type":"SearchAction","target":{"@type":"EntryPoint","urlTemplate":"https:\/\/astridlindgrensvarld.se\/?s={search_term_string}"},"query-input":{"@type":"PropertyValueSpecification","valueRequired":true,"valueName":"search_term_string"}}],"inLanguage":"de"}]}</script>
<!-- / Yoast SEO plugin. -->

Karlsson treibt wieder Schabernack | Astrid Lindgrens Värld

Astrid Lindgrens Värld
