{"id":81013,"date":"2024-03-25T16:45:08","date_gmt":"2024-03-25T14:45:08","guid":{"rendered":"https:\/\/astridlindgrensvarld.se\/boende\/information\/fruehstueck\/"},"modified":"2025-09-01T07:32:59","modified_gmt":"2025-09-01T05:32:59","slug":"fruehstueck","status":"publish","type":"rentalinfo","link":"https:\/\/astridlindgrensvarld.se\/de\/unterkunft\/information\/fruehstueck\/","title":{"rendered":"Fr\u00fchst\u00fcck"},"content":{"rendered":"\n<div class=\"relative flex flex-col items-center  w-full h-screen max-h-[960px] mobile:mb-[200px] desktop:max-h-[780px] min-h-[700px] mobile:min-h-[500px] justify-start mobile:max-h-none mobile:h-full\">\n\t\t\t\t\t\t\t<img decoding=\"async\" class=\"top-0 object-cover w-full h-[60vh] max-h-[800px] min-h-[700px]  mobile:min-h-[540px]\" src=\"https:\/\/astridlindgrensvarld.se\/wp-content\/uploads\/2024\/02\/frukostkorg3.jpg\" alt=\"\">\n\t\t\t\t\t\t\t<div class=\"absolute bottom-0 mobile:bottom-[-200px] z-10 flex flex-col items-center w-full inner-contain gap-7 desktop-sm:px-4 mobile:px-2\">\n\t\t\t\t<div class=\"bg-whiteish px-[80px] py-6 mobile:p-2 flex flex-col items-center gap-4 mobile:gap-4 text-black text-center rounded-lg lg-shadow w-full\">\n\t\t\t\t\t<div class=\"flex flex-col items-center justify-start gap-1\">\n\n\t\t\t\t\t\t<h1 class=\"text-brightRed -hero\">Fr\u00fchst\u00fccksbuffet<\/h1>\n\t\t\t\t\t\t\t\t\t\t\t<\/div>\n\n\t\t\t\t\t<p class=\"-large text-darkRed mobile:!text-[16px]\">In einem der Restaurants des Parks direkt neben den Unterk\u00fcnften, wird jeden Morgen ein leckeres und reichhaltiges Fr\u00fchst\u00fccksbuffet f\u00fcr die G\u00e4ste unserer Unter\u00fcnfte serviert. Hier gibt es frisch gebackenes Brot, Milch, verschiedene Aufschnitte und M\u00fcsli sowie Haferflocken. Wir haben auch ein Sortiment f\u00fcr alle mit Gluten- und Laktoseintoleranz.<br \/>\r\nDas Fr\u00fchst\u00fcck wird zwischen 08:00-10:00 serviert.<br \/>\r\n<br \/>\r\nBis zwei Tage vor Anreise k\u00f6nnen Sie bei Ihrer Buchung \u00fcber \u201eMeine Buchung\u201c Sonderleistungen hinzuf\u00fcgen.<\/p>\n\t\t\t\t\t\t\t\t\t\t\t\t\t\t\t\t<div class=\"flex items-center justify-center w-full gap-3\">\n\n\t\t\t\t\t\t\t\t\t\t\t\t\t\t\t<a class=\"btn\" href=\"https:\/\/astridlindgrensvarld.se\/de\/unterkunft\/meine-buchung\/\" target=\"\">\n\t\t\t\t\t\t\t\t\t<p class=\"-button\">\n\t\t\t\t\t\t\t\t\t\tSonderleistungen hinzuf\u00fcgen\t\t\t\t\t\t\t\t\t<\/p>\n\t\t\t\t\t\t\t\t<\/a>\n\t\t\t\t\t\t\t\t\t\t\t\t\t\t\t\t\t\t\t\t<\/div>\n\t\t\t\t\t\t\t\t\t<\/div>\n\t\t\t<\/div>\n\t\t\t<\/div>\n\n<div data-aos=\"\" data-aos-duration=\"\" class=\"flex flex-col items-start justify-center w-full mb-[-64px] tablet-lg:px-0 tablet-lg:mb-0 py-7\">\n\t<div class=\"relative z-0 items-center w-full m-auto inner-contain tablet-lg:max-w-none tablet-lg:px-0 tablet-lg:gap-4\">\n\t\t\t\t\t<div data-sliderid=\"frukost\" class=\"tablet-lg:px-4 mb-4 w-full rounded-lg tablet-lg:rounded-none justify-start flex overflow-hidden frukost tablet:mb-2 image-slider\">\n\t\t\t\t<div class=\"flex justify-center mobile:gap-0 swiper-wrapper tablet-lg:justify-start\">\n\t\t\t\t\t\t\t\t\t\t\t<img decoding=\"async\" src=\"https:\/\/astridlindgrensvarld.se\/wp-content\/uploads\/2023\/11\/bysalen-inne-1440x1440px.jpg\" alt=\"\" class=\"object-cover w-full rounded-lg mobile:max-w-full tablet-lg:mx-0 aspect-square swiper-slide\" \/>\n\t\t\t\t\t\t\t\t\t\t\t<img decoding=\"async\" src=\"https:\/\/astridlindgrensvarld.se\/wp-content\/uploads\/2023\/11\/frukost-1440x1440px.jpg\" alt=\"\" class=\"object-cover w-full rounded-lg mobile:max-w-full tablet-lg:mx-0 aspect-square swiper-slide\" \/>\n\t\t\t\t\t\t\t\t\t\t\t<img decoding=\"async\" src=\"https:\/\/astridlindgrensvarld.se\/wp-content\/uploads\/2023\/12\/dsc9150.jpg\" alt=\"\" class=\"object-cover w-full rounded-lg mobile:max-w-full tablet-lg:mx-0 aspect-square swiper-slide\" \/>\n\t\t\t\t\t\t\t\t\t<\/div>\n\t\t\t<\/div>\n\t\t\t<div class=\"!w-1\/2 !m-auto swiper-scrollbar frukost-scrollbar\"><\/div>\n\t\t\t<!-- <div class=\"swiper-pagination\"><\/div> -->\n\t\t\t\t\t\t\t<div class=\"flex justify-end tablet-lg:justify-center w-full relative top-[-64px] z-10 tablet-lg:top-4 tablet-lg:px-4\">\n\t\t\t\t<div class=\"flex flex-col items-start max-w-[50%] bg-whiteish p-6 mr-8 rounded-lg gap-5 mobile:px-4 mobile:py-5 tablet-lg:max-w-[90%] mobile:max-w-none mobile:w-full tablet-lg:mr-0 lg-shadow\">\n\t\t\t\t\t<h3 class=\"text-darkRed -demi\">Gut zu wissen<\/h3>\n\t\t\t\t\t<p class=\"text-blackish text-[20px]\">Unser Fr\u00fchst\u00fcck ist sehr beliebt und meistens schnell ausgebucht. Wenn Sie vergessen haben, es zu buchen, k\u00f6nnen Sie sich selbstverst\u00e4ndlich an unsere Rezeption wenden um zu erfahren, ob es noch freie Pl\u00e4tze gibt. Das Fr\u00fchst\u00fcck wird in erster Linie nur f\u00fcr G\u00e4ste serviert, die in unseren G\u00e4steunterk\u00fcnften wohnen. <br \/>\n HINWEIS! Der Zutritt zum Park \u00fcber das Fr\u00fchst\u00fccksrestaurant ist nicht m\u00f6glich, wir verweisen stattdessen auf den Haupteingang.<\/p>\n\t\t\t\t\t\t\t\t\t<\/div>\n\t\t\t<\/div>\n\t\t\t<\/div>\n<\/div>","protected":false},"author":5,"featured_media":0,"template":"","boendeinformation":[323,363,322],"class_list":["post-81013","rentalinfo","type-rentalinfo","status-publish","hentry"],"acf":[],"yoast_head":"<!-- This site is optimized with the Yoast SEO plugin v27.5 - https:\/\/yoast.com\/product\/yoast-seo-wordpress\/ -->\n<title>Fr\u00fchst\u00fcck | Astrid Lindgrens V\u00e4rld<\/title>\n<meta name=\"robots\" content=\"index, follow, max-snippet:-1, max-image-preview:large, max-video-preview:-1\" \/>\n<link rel=\"canonical\" href=\"https:\/\/astridlindgrensvarld.se\/de\/unterkunft\/information\/fruehstueck\/\" \/>\n<meta property=\"og:locale\" content=\"de_DE\" \/>\n<meta property=\"og:type\" content=\"article\" \/>\n<meta property=\"og:title\" content=\"Fr\u00fchst\u00fcck | Astrid Lindgrens V\u00e4rld\" \/>\n<meta property=\"og:url\" content=\"https:\/\/astridlindgrensvarld.se\/de\/unterkunft\/information\/fruehstueck\/\" \/>\n<meta property=\"og:site_name\" content=\"Astrid Lindgrens V\u00e4rld\" \/>\n<meta property=\"article:modified_time\" content=\"2025-09-01T05:32:59+00:00\" \/>\n<meta name=\"twitter:card\" content=\"summary_large_image\" \/>\n<script type=\"application\/ld+json\" class=\"yoast-schema-graph\">{\"@context\":\"https:\\\/\\\/schema.org\",\"@graph\":[{\"@type\":\"WebPage\",\"@id\":\"https:\\\/\\\/astridlindgrensvarld.se\\\/de\\\/unterkunft\\\/information\\\/fruehstueck\\\/\",\"url\":\"https:\\\/\\\/astridlindgrensvarld.se\\\/de\\\/unterkunft\\\/information\\\/fruehstueck\\\/\",\"name\":\"Fr\u00fchst\u00fcck | Astrid Lindgrens V\u00e4rld\",\"isPartOf\":{\"@id\":\"https:\\\/\\\/astridlindgrensvarld.se\\\/#website\"},\"datePublished\":\"2024-03-25T14:45:08+00:00\",\"dateModified\":\"2025-09-01T05:32:59+00:00\",\"breadcrumb\":{\"@id\":\"https:\\\/\\\/astridlindgrensvarld.se\\\/de\\\/unterkunft\\\/information\\\/fruehstueck\\\/#breadcrumb\"},\"inLanguage\":\"de\",\"potentialAction\":[{\"@type\":\"ReadAction\",\"target\":[\"https:\\\/\\\/astridlindgrensvarld.se\\\/de\\\/unterkunft\\\/information\\\/fruehstueck\\\/\"]}]},{\"@type\":\"BreadcrumbList\",\"@id\":\"https:\\\/\\\/astridlindgrensvarld.se\\\/de\\\/unterkunft\\\/information\\\/fruehstueck\\\/#breadcrumb\",\"itemListElement\":[{\"@type\":\"ListItem\",\"position\":1,\"name\":\"Home\",\"item\":\"https:\\\/\\\/astridlindgrensvarld.se\\\/de\\\/\"},{\"@type\":\"ListItem\",\"position\":2,\"name\":\"Fr\u00fchst\u00fcck\"}]},{\"@type\":\"WebSite\",\"@id\":\"https:\\\/\\\/astridlindgrensvarld.se\\\/#website\",\"url\":\"https:\\\/\\\/astridlindgrensvarld.se\\\/\",\"name\":\"Astrid Lindgrens V\u00e4rld\",\"description\":\"\",\"potentialAction\":[{\"@type\":\"SearchAction\",\"target\":{\"@type\":\"EntryPoint\",\"urlTemplate\":\"https:\\\/\\\/astridlindgrensvarld.se\\\/?s={search_term_string}\"},\"query-input\":{\"@type\":\"PropertyValueSpecification\",\"valueRequired\":true,\"valueName\":\"search_term_string\"}}],\"inLanguage\":\"de\"}]}<\/script>\n<!-- \/ Yoast SEO plugin. -->","yoast_head_json":{"title":"Fr\u00fchst\u00fcck | Astrid Lindgrens V\u00e4rld","robots":{"index":"index","follow":"follow","max-snippet":"max-snippet:-1","max-image-preview":"max-image-preview:large","max-video-preview":"max-video-preview:-1"},"canonical":"https:\/\/astridlindgrensvarld.se\/de\/unterkunft\/information\/fruehstueck\/","og_locale":"de_DE","og_type":"article","og_title":"Fr\u00fchst\u00fcck | Astrid Lindgrens V\u00e4rld","og_url":"https:\/\/astridlindgrensvarld.se\/de\/unterkunft\/information\/fruehstueck\/","og_site_name":"Astrid Lindgrens V\u00e4rld","article_modified_time":"2025-09-01T05:32:59+00:00","twitter_card":"summary_large_image","schema":{"@context":"https:\/\/schema.org","@graph":[{"@type":"WebPage","@id":"https:\/\/astridlindgrensvarld.se\/de\/unterkunft\/information\/fruehstueck\/","url":"https:\/\/astridlindgrensvarld.se\/de\/unterkunft\/information\/fruehstueck\/","name":"Fr\u00fchst\u00fcck | Astrid Lindgrens V\u00e4rld","isPartOf":{"@id":"https:\/\/astridlindgrensvarld.se\/#website"},"datePublished":"2024-03-25T14:45:08+00:00","dateModified":"2025-09-01T05:32:59+00:00","breadcrumb":{"@id":"https:\/\/astridlindgrensvarld.se\/de\/unterkunft\/information\/fruehstueck\/#breadcrumb"},"inLanguage":"de","potentialAction":[{"@type":"ReadAction","target":["https:\/\/astridlindgrensvarld.se\/de\/unterkunft\/information\/fruehstueck\/"]}]},{"@type":"BreadcrumbList","@id":"https:\/\/astridlindgrensvarld.se\/de\/unterkunft\/information\/fruehstueck\/#breadcrumb","itemListElement":[{"@type":"ListItem","position":1,"name":"Home","item":"https:\/\/astridlindgrensvarld.se\/de\/"},{"@type":"ListItem","position":2,"name":"Fr\u00fchst\u00fcck"}]},{"@type":"WebSite","@id":"https:\/\/astridlindgrensvarld.se\/#website","url":"https:\/\/astridlindgrensvarld.se\/","name":"Astrid Lindgrens V\u00e4rld","description":"","potentialAction":[{"@type":"SearchAction","target":{"@type":"EntryPoint","urlTemplate":"https:\/\/astridlindgrensvarld.se\/?s={search_term_string}"},"query-input":{"@type":"PropertyValueSpecification","valueRequired":true,"valueName":"search_term_string"}}],"inLanguage":"de"}]}},"_links":{"self":[{"href":"https:\/\/astridlindgrensvarld.se\/de\/wp-json\/wp\/v2\/rentalinfo\/81013","targetHints":{"allow":["GET"]}}],"collection":[{"href":"https:\/\/astridlindgrensvarld.se\/de\/wp-json\/wp\/v2\/rentalinfo"}],"about":[{"href":"https:\/\/astridlindgrensvarld.se\/de\/wp-json\/wp\/v2\/types\/rentalinfo"}],"author":[{"embeddable":true,"href":"https:\/\/astridlindgrensvarld.se\/de\/wp-json\/wp\/v2\/users\/5"}],"version-history":[{"count":4,"href":"https:\/\/astridlindgrensvarld.se\/de\/wp-json\/wp\/v2\/rentalinfo\/81013\/revisions"}],"predecessor-version":[{"id":85179,"href":"https:\/\/astridlindgrensvarld.se\/de\/wp-json\/wp\/v2\/rentalinfo\/81013\/revisions\/85179"}],"wp:attachment":[{"href":"https:\/\/astridlindgrensvarld.se\/de\/wp-json\/wp\/v2\/media?parent=81013"}],"wp:term":[{"taxonomy":"boendeinformation","embeddable":true,"href":"https:\/\/astridlindgrensvarld.se\/de\/wp-json\/wp\/v2\/boendeinformation?post=81013"}],"curies":[{"name":"wp","href":"https:\/\/api.w.org\/{rel}","templated":true}]}}

Frühstück

<div class="relative flex flex-col items-center  w-full h-screen max-h-[960px] mobile:mb-[200px] desktop:max-h-[780px] min-h-[700px] mobile:min-h-[500px] justify-start mobile:max-h-none mobile:h-full">
							<img decoding="async" class="top-0 object-cover w-full h-[60vh] max-h-[800px] min-h-[700px]  mobile:min-h-[540px]" src="https://astridlindgrensvarld.se/wp-content/uploads/2024/02/frukostkorg3.jpg" alt="">
							<div class="absolute bottom-0 mobile:bottom-[-200px] z-10 flex flex-col items-center w-full inner-contain gap-7 desktop-sm:px-4 mobile:px-2">
				<div class="bg-whiteish px-[80px] py-6 mobile:p-2 flex flex-col items-center gap-4 mobile:gap-4 text-black text-center rounded-lg lg-shadow w-full">
					<div class="flex flex-col items-center justify-start gap-1">

						<h1 class="text-brightRed -hero">Frühstücksbuffet</h1>
											</div>

					<p class="-large text-darkRed mobile:!text-[16px]">In einem der Restaurants des Parks direkt neben den Unterkünften, wird jeden Morgen ein leckeres und reichhaltiges Frühstücksbuffet für die Gäste unserer Unterünfte serviert. Hier gibt es frisch gebackenes Brot, Milch, verschiedene Aufschnitte und Müsli sowie Haferflocken. Wir haben auch ein Sortiment für alle mit Gluten- und Laktoseintoleranz.<br />
Das Frühstück wird zwischen 08:00-10:00 serviert.<br />
<br />
Bis zwei Tage vor Anreise können Sie bei Ihrer Buchung über „Meine Buchung“ Sonderleistungen hinzufügen.</p>
																<div class="flex items-center justify-center w-full gap-3">

															<a class="btn" href="https://astridlindgrensvarld.se/de/unterkunft/meine-buchung/" target="">
									<p class="-button">
										Sonderleistungen hinzufügen									</p>
								</a>
																				</div>
									</div>
			</div>
			</div>

<div data-aos="" data-aos-duration="" class="flex flex-col items-start justify-center w-full mb-[-64px] tablet-lg:px-0 tablet-lg:mb-0 py-7">
	<div class="relative z-0 items-center w-full m-auto inner-contain tablet-lg:max-w-none tablet-lg:px-0 tablet-lg:gap-4">
					<div data-sliderid="frukost" class="tablet-lg:px-4 mb-4 w-full rounded-lg tablet-lg:rounded-none justify-start flex overflow-hidden frukost tablet:mb-2 image-slider">
				<div class="flex justify-center mobile:gap-0 swiper-wrapper tablet-lg:justify-start">
											<img decoding="async" src="https://astridlindgrensvarld.se/wp-content/uploads/2023/11/bysalen-inne-1440x1440px.jpg" alt="" class="object-cover w-full rounded-lg mobile:max-w-full tablet-lg:mx-0 aspect-square swiper-slide" />
											<img decoding="async" src="https://astridlindgrensvarld.se/wp-content/uploads/2023/11/frukost-1440x1440px.jpg" alt="" class="object-cover w-full rounded-lg mobile:max-w-full tablet-lg:mx-0 aspect-square swiper-slide" />
											<img decoding="async" src="https://astridlindgrensvarld.se/wp-content/uploads/2023/12/dsc9150.jpg" alt="" class="object-cover w-full rounded-lg mobile:max-w-full tablet-lg:mx-0 aspect-square swiper-slide" />
									</div>
			</div>
			<div class="!w-1/2 !m-auto swiper-scrollbar frukost-scrollbar"></div>
			<!-- <div class="swiper-pagination"></div> -->
							<div class="flex justify-end tablet-lg:justify-center w-full relative top-[-64px] z-10 tablet-lg:top-4 tablet-lg:px-4">
				<div class="flex flex-col items-start max-w-[50%] bg-whiteish p-6 mr-8 rounded-lg gap-5 mobile:px-4 mobile:py-5 tablet-lg:max-w-[90%] mobile:max-w-none mobile:w-full tablet-lg:mr-0 lg-shadow">
					<h3 class="text-darkRed -demi">Gut zu wissen</h3>
					<p class="text-blackish text-[20px]">Unser Frühstück ist sehr beliebt und meistens schnell ausgebucht. Wenn Sie vergessen haben, es zu buchen, können Sie sich selbstverständlich an unsere Rezeption wenden um zu erfahren, ob es noch freie Plätze gibt. Das Frühstück wird in erster Linie nur für Gäste serviert, die in unseren Gästeunterkünften wohnen. <br />
 HINWEIS! Der Zutritt zum Park über das Frühstücksrestaurant ist nicht möglich, wir verweisen stattdessen auf den Haupteingang.</p>
									</div>
			</div>
			</div>
</div>

<!-- This site is optimized with the Yoast SEO plugin v27.5 - https://yoast.com/product/yoast-seo-wordpress/ -->
<title>Frühstück | Astrid Lindgrens Värld</title>
<meta name="robots" content="index, follow, max-snippet:-1, max-image-preview:large, max-video-preview:-1" />
<link rel="canonical" href="https://astridlindgrensvarld.se/de/unterkunft/information/fruehstueck/" />
<meta property="og:locale" content="de_DE" />
<meta property="og:type" content="article" />
<meta property="og:title" content="Frühstück | Astrid Lindgrens Värld" />
<meta property="og:url" content="https://astridlindgrensvarld.se/de/unterkunft/information/fruehstueck/" />
<meta property="og:site_name" content="Astrid Lindgrens Värld" />
<meta property="article:modified_time" content="2025-09-01T05:32:59+00:00" />
<meta name="twitter:card" content="summary_large_image" />
<script type="application/ld+json" class="yoast-schema-graph">{"@context":"https:\/\/schema.org","@graph":[{"@type":"WebPage","@id":"https:\/\/astridlindgrensvarld.se\/de\/unterkunft\/information\/fruehstueck\/","url":"https:\/\/astridlindgrensvarld.se\/de\/unterkunft\/information\/fruehstueck\/","name":"Frühstück | Astrid Lindgrens Värld","isPartOf":{"@id":"https:\/\/astridlindgrensvarld.se\/#website"},"datePublished":"2024-03-25T14:45:08+00:00","dateModified":"2025-09-01T05:32:59+00:00","breadcrumb":{"@id":"https:\/\/astridlindgrensvarld.se\/de\/unterkunft\/information\/fruehstueck\/#breadcrumb"},"inLanguage":"de","potentialAction":[{"@type":"ReadAction","target":["https:\/\/astridlindgrensvarld.se\/de\/unterkunft\/information\/fruehstueck\/"]}]},{"@type":"BreadcrumbList","@id":"https:\/\/astridlindgrensvarld.se\/de\/unterkunft\/information\/fruehstueck\/#breadcrumb","itemListElement":[{"@type":"ListItem","position":1,"name":"Home","item":"https:\/\/astridlindgrensvarld.se\/de\/"},{"@type":"ListItem","position":2,"name":"Frühstück"}]},{"@type":"WebSite","@id":"https:\/\/astridlindgrensvarld.se\/#website","url":"https:\/\/astridlindgrensvarld.se\/","name":"Astrid Lindgrens Värld","description":"","potentialAction":[{"@type":"SearchAction","target":{"@type":"EntryPoint","urlTemplate":"https:\/\/astridlindgrensvarld.se\/?s={search_term_string}"},"query-input":{"@type":"PropertyValueSpecification","valueRequired":true,"valueName":"search_term_string"}}],"inLanguage":"de"}]}</script>
<!-- / Yoast SEO plugin. -->

Frühstück | Astrid Lindgrens Värld

Astrid Lindgrens Värld
