{"id":85926,"date":"2025-11-06T10:19:14","date_gmt":"2025-11-06T08:19:14","guid":{"rendered":"https:\/\/astridlindgrensvarld.se\/erbjudande\/herbstferien-angebot\/"},"modified":"2025-11-06T10:19:14","modified_gmt":"2025-11-06T08:19:14","slug":"herbstferien-angebot","status":"publish","type":"offer","link":"https:\/\/astridlindgrensvarld.se\/de\/angebot\/herbstferien-angebot\/","title":{"rendered":"Herbstferien-Angebot"},"content":{"rendered":"\n<div class=\"relative flex flex-col items-center  w-full justify-center\">\n\t\t<div class=\"w-full h-[60vh] min-h-[500px] tablet:max-h-[700px] bg-gradient-to-t opacity-60 from-blackish absolute bottom-0\">\n\n\t<\/div>\n\t\t\t\t<img decoding=\"async\" class=\"top-0 object-cover w-full h-[60vh]  max-h-[746px] desktop:max-h-[650px] min-h-[700px] mobile:min-h-[540px] mobile:hidden\" src=\"https:\/\/astridlindgrensvarld.se\/wp-content\/uploads\/2023\/10\/ronja-1-3200x1440px-3.jpg\" alt=\"\">\n\t<img decoding=\"async\" class=\"top-0 object-cover w-full h-[60vh] min-h-[700px] mobile:min-h-[540px] hidden mobile:block\" src=\"https:\/\/astridlindgrensvarld.se\/wp-content\/uploads\/2023\/10\/ronja-1-810x1440-2.jpg\" alt=\"\">\n\t\t<div class=\"w-full m-auto text-center absolute bottom-[80px]\">\n\t\t<h1 class=\"text-darkWhite\">Herbstferienangebot<\/h1>\n\t<\/div>\n<\/div><div class=\"w-full py-7\">\n\t<div class=\"w-full m-auto outer-contain desktop-sm:px-4\">\n\t\t<div class=\"flex items-stretch justify-center w-full gap-4 tablet:grid tablet:grid-cols-2 tablet-sm:grid-cols-1 place-content-center\">\n\t\t\t\t\t\t\t\t\t\t\t\t<div class=\"flex flex-col items-center justify-between pb-5 w-full max-w-[35rem]  tablet:max-w-[45rem] bg-whiteish rounded-lg\">\n\t\t\t\t\t\t<div class=\"flex flex-col items-start w-full\">\n\n\t\t\t\t\t\t\t<img decoding=\"async\" class=\"h-[19rem] mobile:h-[11rem] object-cover w-full rounded-t-lg\" src=\"https:\/\/astridlindgrensvarld.se\/wp-content\/uploads\/2024\/01\/boende-host-hero-1920x1080-1.jpg\" alt=\"\">\n\t\t\t\t\t\t\t<div class=\"flex flex-col gap-3 px-5 py-4\">\n\t\t\t\t\t\t\t\t<div class=\"flex flex-col gap-2\">\n\n\t\t\t\t\t\t\t\t\t<p class=\"text-brightRed -demi text-[14px]\">\n\t\t\t\t\t\t\t\t\t\tAstrid Lindgrens V\u00e4rld, Den lilla staden\t\t\t\t\t\t\t\t\t\t<\/h5>\n\t\t\t\t\t\t\t\t\t<h3 class=\"text-red -demi -small\">H\u00f6stlovserbjudande<\/h5>\n\t\t\t\t\t\t\t\t<\/div>\n\n\t\t\t\t\t\t\t\t<p>Bes\u00f6k Astrid Lindgrens V\u00e4rld tv\u00e5 dagar under H\u00f6stlovs\u00f6ppet. \u00d6vernatta i v\u00e5rt g\u00e4stboende, alldeles intill parken och f\u00e5 20% rabatt p\u00e5 boendekostnaden.\r\n\r\n<\/p>\n\t\t\t\t\t\t\t\t\t\t\t\t\t\t\t\t\t<div class=\"flex flex-col\">\n\t\t\t\t\t\t\t\t\t\t<p class=\"uppercase text-red -demi text-[14px] pb-1\">Was ist im Paket enthalten?<\/h5>\n\t\t\t\t\t\t\t\t\t\t<ul class=\"list-disc list-outside pl-3 max-w-[25rem] text-brightRed \">\n\t\t\t\t\t\t\t\t\t\t\t\t\t\t\t\t\t\t\t\t\t\t\t<li class=\"text-black marker:text-brightRed marker:text-[1.4rem] pl-1 leading-[1.2] text-[14px]\">\n\t\t\t\t\t\t\t\t\t\t\t\t\t2 n\u00e4tter i Astrid Lindgrens V\u00e4rlds g\u00e4stboende, till 20% rabatt.\t\t\t\t\t\t\t\t\t\t\t\t<\/li>\n\t\t\t\t\t\t\t\t\t\t\t\t\t\t\t\t\t\t\t\t\t\t\t<li class=\"text-black marker:text-brightRed marker:text-[1.4rem] pl-1 leading-[1.2] text-[14px]\">\n\t\t\t\t\t\t\t\t\t\t\t\t\t2-dagars entr\u00e9 till Astrid Lindgrens V\u00e4rld. \t\t\t\t\t\t\t\t\t\t\t\t<\/li>\n\t\t\t\t\t\t\t\t\t\t\t\t\t\t\t\t\t\t\t\t\t<\/ul>\n\t\t\t\t\t\t\t\t\t<\/div>\n\t\t\t\t\t\t\t\t\t\t\t\t\t\t\t<\/div>\n\t\t\t\t\t\t<\/div>\n\n\t\t\t\t\t\t<div class=\"flex w-full px-5\">\n\n\t\t\t\t\t\t\t\t\t\t\t\t\t\t\t<a href=\"https:\/\/astridlindgrensvarld.se\/erbjudande\/hostlovspaket\/\" class=\"w-full mt-3 text-center btn\">\n\t\t\t\t\t\t\t\t\t<p class=\"-button\">\n\t\t\t\t\t\t\t\t\t\tLesen Sie mehr und buchen\t\t\t\t\t\t\t\t\t<\/p>\n\t\t\t\t\t\t\t\t<\/a>\n\t\t\t\t\t\t\t\t\t\t\t\t\t<\/div>\n\n\t\t\t\t\t<\/div>\n\t\t\t\t\t\t\t\t\t<div class=\"flex flex-col items-center justify-between pb-5 w-full max-w-[35rem]  tablet:max-w-[45rem] bg-whiteish rounded-lg\">\n\t\t\t\t\t\t<div class=\"flex flex-col items-start w-full\">\n\n\t\t\t\t\t\t\t<img decoding=\"async\" class=\"h-[19rem] mobile:h-[11rem] object-cover w-full rounded-t-lg\" src=\"https:\/\/astridlindgrensvarld.se\/wp-content\/uploads\/2024\/05\/ronja-kvall1.jpg\" alt=\"\">\n\t\t\t\t\t\t\t<div class=\"flex flex-col gap-3 px-5 py-4\">\n\t\t\t\t\t\t\t\t<div class=\"flex flex-col gap-2\">\n\n\t\t\t\t\t\t\t\t\t<p class=\"text-brightRed -demi text-[14px]\">\n\t\t\t\t\t\t\t\t\t\tAstrid Lindgrens V\u00e4rld, Den lilla staden\t\t\t\t\t\t\t\t\t\t<\/h5>\n\t\t\t\t\t\t\t\t\t<h3 class=\"text-red -demi -small\">3 n\u00e4tter till priset av 2<\/h5>\n\t\t\t\t\t\t\t\t<\/div>\n\n\t\t\t\t\t\t\t\t<p>Bes\u00f6k Astrid Lindgrens V\u00e4rld tv\u00e5 dagar under H\u00f6stlovet och \u00f6vernatta i v\u00e5rt g\u00e4stboende, alldeles intill parken. Unna dig extra tid i milj\u00f6n kring v\u00e5rt unika g\u00e4stboende, vi bjuder p\u00e5 sista natten.\r\n\r\n<\/p>\n\t\t\t\t\t\t\t\t\t\t\t\t\t\t\t\t\t<div class=\"flex flex-col\">\n\t\t\t\t\t\t\t\t\t\t<p class=\"uppercase text-red -demi text-[14px] pb-1\">Was ist im Paket enthalten?<\/h5>\n\t\t\t\t\t\t\t\t\t\t<ul class=\"list-disc list-outside pl-3 max-w-[25rem] text-brightRed \">\n\t\t\t\t\t\t\t\t\t\t\t\t\t\t\t\t\t\t\t\t\t\t\t<li class=\"text-black marker:text-brightRed marker:text-[1.4rem] pl-1 leading-[1.2] text-[14px]\">\n\t\t\t\t\t\t\t\t\t\t\t\t\t2-dagars entr\u00e9 till Astrid Lindgrens V\u00e4rld\t\t\t\t\t\t\t\t\t\t\t\t<\/li>\n\t\t\t\t\t\t\t\t\t\t\t\t\t\t\t\t\t\t\t\t\t\t\t<li class=\"text-black marker:text-brightRed marker:text-[1.4rem] pl-1 leading-[1.2] text-[14px]\">\n\t\t\t\t\t\t\t\t\t\t\t\t\t3  n\u00e4tter till priset av tv\u00e5  i Astrid Lindgrens V\u00e4rlds g\u00e4stboende\t\t\t\t\t\t\t\t\t\t\t\t<\/li>\n\t\t\t\t\t\t\t\t\t\t\t\t\t\t\t\t\t\t\t\t\t<\/ul>\n\t\t\t\t\t\t\t\t\t<\/div>\n\t\t\t\t\t\t\t\t\t\t\t\t\t\t\t<\/div>\n\t\t\t\t\t\t<\/div>\n\n\t\t\t\t\t\t<div class=\"flex w-full px-5\">\n\n\t\t\t\t\t\t\t\t\t\t\t\t\t\t\t<a href=\"https:\/\/astridlindgrensvarld.se\/erbjudande\/3-natter-till-priset-av-2-hostlovsoppet\/\" class=\"w-full mt-3 text-center btn\">\n\t\t\t\t\t\t\t\t\t<p class=\"-button\">\n\t\t\t\t\t\t\t\t\t\tLesen Sie mehr und buchen\t\t\t\t\t\t\t\t\t<\/p>\n\t\t\t\t\t\t\t\t<\/a>\n\t\t\t\t\t\t\t\t\t\t\t\t\t<\/div>\n\n\t\t\t\t\t<\/div>\n\t\t\t\t\t\t\t\t\t<\/div>\n\t<\/div>\n<\/div>","protected":false},"featured_media":0,"template":"","offer_type":[],"class_list":["post-85926","offer","type-offer","status-publish","hentry"],"acf":[],"yoast_head":"<!-- This site is optimized with the Yoast SEO plugin v27.5 - https:\/\/yoast.com\/product\/yoast-seo-wordpress\/ -->\n<title>Herbstferien-Angebot | Astrid Lindgrens V\u00e4rld<\/title>\n<meta name=\"robots\" content=\"index, follow, max-snippet:-1, max-image-preview:large, max-video-preview:-1\" \/>\n<link rel=\"canonical\" href=\"https:\/\/astridlindgrensvarld.se\/de\/angebot\/herbstferien-angebot\/\" \/>\n<meta property=\"og:locale\" content=\"de_DE\" \/>\n<meta property=\"og:type\" content=\"article\" \/>\n<meta property=\"og:title\" content=\"Herbstferien-Angebot | Astrid Lindgrens V\u00e4rld\" \/>\n<meta property=\"og:url\" content=\"https:\/\/astridlindgrensvarld.se\/de\/angebot\/herbstferien-angebot\/\" \/>\n<meta property=\"og:site_name\" content=\"Astrid Lindgrens V\u00e4rld\" \/>\n<meta name=\"twitter:card\" content=\"summary_large_image\" \/>\n<script type=\"application\/ld+json\" class=\"yoast-schema-graph\">{\"@context\":\"https:\\\/\\\/schema.org\",\"@graph\":[{\"@type\":\"WebPage\",\"@id\":\"https:\\\/\\\/astridlindgrensvarld.se\\\/de\\\/angebot\\\/herbstferien-angebot\\\/\",\"url\":\"https:\\\/\\\/astridlindgrensvarld.se\\\/de\\\/angebot\\\/herbstferien-angebot\\\/\",\"name\":\"Herbstferien-Angebot | Astrid Lindgrens V\u00e4rld\",\"isPartOf\":{\"@id\":\"https:\\\/\\\/astridlindgrensvarld.se\\\/#website\"},\"datePublished\":\"2025-11-06T08:19:14+00:00\",\"breadcrumb\":{\"@id\":\"https:\\\/\\\/astridlindgrensvarld.se\\\/de\\\/angebot\\\/herbstferien-angebot\\\/#breadcrumb\"},\"inLanguage\":\"de\",\"potentialAction\":[{\"@type\":\"ReadAction\",\"target\":[\"https:\\\/\\\/astridlindgrensvarld.se\\\/de\\\/angebot\\\/herbstferien-angebot\\\/\"]}]},{\"@type\":\"BreadcrumbList\",\"@id\":\"https:\\\/\\\/astridlindgrensvarld.se\\\/de\\\/angebot\\\/herbstferien-angebot\\\/#breadcrumb\",\"itemListElement\":[{\"@type\":\"ListItem\",\"position\":1,\"name\":\"Home\",\"item\":\"https:\\\/\\\/astridlindgrensvarld.se\\\/de\\\/\"},{\"@type\":\"ListItem\",\"position\":2,\"name\":\"Herbstferien-Angebot\"}]},{\"@type\":\"WebSite\",\"@id\":\"https:\\\/\\\/astridlindgrensvarld.se\\\/#website\",\"url\":\"https:\\\/\\\/astridlindgrensvarld.se\\\/\",\"name\":\"Astrid Lindgrens V\u00e4rld\",\"description\":\"\",\"potentialAction\":[{\"@type\":\"SearchAction\",\"target\":{\"@type\":\"EntryPoint\",\"urlTemplate\":\"https:\\\/\\\/astridlindgrensvarld.se\\\/?s={search_term_string}\"},\"query-input\":{\"@type\":\"PropertyValueSpecification\",\"valueRequired\":true,\"valueName\":\"search_term_string\"}}],\"inLanguage\":\"de\"}]}<\/script>\n<!-- \/ Yoast SEO plugin. -->","yoast_head_json":{"title":"Herbstferien-Angebot | Astrid Lindgrens V\u00e4rld","robots":{"index":"index","follow":"follow","max-snippet":"max-snippet:-1","max-image-preview":"max-image-preview:large","max-video-preview":"max-video-preview:-1"},"canonical":"https:\/\/astridlindgrensvarld.se\/de\/angebot\/herbstferien-angebot\/","og_locale":"de_DE","og_type":"article","og_title":"Herbstferien-Angebot | Astrid Lindgrens V\u00e4rld","og_url":"https:\/\/astridlindgrensvarld.se\/de\/angebot\/herbstferien-angebot\/","og_site_name":"Astrid Lindgrens V\u00e4rld","twitter_card":"summary_large_image","schema":{"@context":"https:\/\/schema.org","@graph":[{"@type":"WebPage","@id":"https:\/\/astridlindgrensvarld.se\/de\/angebot\/herbstferien-angebot\/","url":"https:\/\/astridlindgrensvarld.se\/de\/angebot\/herbstferien-angebot\/","name":"Herbstferien-Angebot | Astrid Lindgrens V\u00e4rld","isPartOf":{"@id":"https:\/\/astridlindgrensvarld.se\/#website"},"datePublished":"2025-11-06T08:19:14+00:00","breadcrumb":{"@id":"https:\/\/astridlindgrensvarld.se\/de\/angebot\/herbstferien-angebot\/#breadcrumb"},"inLanguage":"de","potentialAction":[{"@type":"ReadAction","target":["https:\/\/astridlindgrensvarld.se\/de\/angebot\/herbstferien-angebot\/"]}]},{"@type":"BreadcrumbList","@id":"https:\/\/astridlindgrensvarld.se\/de\/angebot\/herbstferien-angebot\/#breadcrumb","itemListElement":[{"@type":"ListItem","position":1,"name":"Home","item":"https:\/\/astridlindgrensvarld.se\/de\/"},{"@type":"ListItem","position":2,"name":"Herbstferien-Angebot"}]},{"@type":"WebSite","@id":"https:\/\/astridlindgrensvarld.se\/#website","url":"https:\/\/astridlindgrensvarld.se\/","name":"Astrid Lindgrens V\u00e4rld","description":"","potentialAction":[{"@type":"SearchAction","target":{"@type":"EntryPoint","urlTemplate":"https:\/\/astridlindgrensvarld.se\/?s={search_term_string}"},"query-input":{"@type":"PropertyValueSpecification","valueRequired":true,"valueName":"search_term_string"}}],"inLanguage":"de"}]}},"_links":{"self":[{"href":"https:\/\/astridlindgrensvarld.se\/de\/wp-json\/wp\/v2\/offer\/85926","targetHints":{"allow":["GET"]}}],"collection":[{"href":"https:\/\/astridlindgrensvarld.se\/de\/wp-json\/wp\/v2\/offer"}],"about":[{"href":"https:\/\/astridlindgrensvarld.se\/de\/wp-json\/wp\/v2\/types\/offer"}],"wp:attachment":[{"href":"https:\/\/astridlindgrensvarld.se\/de\/wp-json\/wp\/v2\/media?parent=85926"}],"wp:term":[{"taxonomy":"offer_type","embeddable":true,"href":"https:\/\/astridlindgrensvarld.se\/de\/wp-json\/wp\/v2\/offer_type?post=85926"}],"curies":[{"name":"wp","href":"https:\/\/api.w.org\/{rel}","templated":true}]}}

<div class="relative flex flex-col items-center  w-full justify-center">
		<div class="w-full h-[60vh] min-h-[500px] tablet:max-h-[700px] bg-gradient-to-t opacity-60 from-blackish absolute bottom-0">

	</div>
				<img decoding="async" class="top-0 object-cover w-full h-[60vh]  max-h-[746px] desktop:max-h-[650px] min-h-[700px] mobile:min-h-[540px] mobile:hidden" src="https://astridlindgrensvarld.se/wp-content/uploads/2023/10/ronja-1-3200x1440px-3.jpg" alt="">
	<img decoding="async" class="top-0 object-cover w-full h-[60vh] min-h-[700px] mobile:min-h-[540px] hidden mobile:block" src="https://astridlindgrensvarld.se/wp-content/uploads/2023/10/ronja-1-810x1440-2.jpg" alt="">
		<div class="w-full m-auto text-center absolute bottom-[80px]">
		<h1 class="text-darkWhite">Herbstferienangebot</h1>
	</div>
</div><div class="w-full py-7">
	<div class="w-full m-auto outer-contain desktop-sm:px-4">
		<div class="flex items-stretch justify-center w-full gap-4 tablet:grid tablet:grid-cols-2 tablet-sm:grid-cols-1 place-content-center">
												<div class="flex flex-col items-center justify-between pb-5 w-full max-w-[35rem]  tablet:max-w-[45rem] bg-whiteish rounded-lg">
						<div class="flex flex-col items-start w-full">

							<img decoding="async" class="h-[19rem] mobile:h-[11rem] object-cover w-full rounded-t-lg" src="https://astridlindgrensvarld.se/wp-content/uploads/2024/01/boende-host-hero-1920x1080-1.jpg" alt="">
							<div class="flex flex-col gap-3 px-5 py-4">
								<div class="flex flex-col gap-2">

									<p class="text-brightRed -demi text-[14px]">
										Astrid Lindgrens Värld, Den lilla staden										</h5>
									<h3 class="text-red -demi -small">Höstlovserbjudande</h5>
								</div>

								<p>Besök Astrid Lindgrens Värld två dagar under Höstlovsöppet. Övernatta i vårt gästboende, alldeles intill parken och få 20% rabatt på boendekostnaden.

</p>
																	<div class="flex flex-col">
										<p class="uppercase text-red -demi text-[14px] pb-1">Was ist im Paket enthalten?</h5>
										<ul class="list-disc list-outside pl-3 max-w-[25rem] text-brightRed ">
																							<li class="text-black marker:text-brightRed marker:text-[1.4rem] pl-1 leading-[1.2] text-[14px]">
													2 nätter i Astrid Lindgrens Världs gästboende, till 20% rabatt.												</li>
																							<li class="text-black marker:text-brightRed marker:text-[1.4rem] pl-1 leading-[1.2] text-[14px]">
													2-dagars entré till Astrid Lindgrens Värld. 												</li>
																					</ul>
									</div>
															</div>
						</div>

						<div class="flex w-full px-5">

															<a href="https://astridlindgrensvarld.se/erbjudande/hostlovspaket/" class="w-full mt-3 text-center btn">
									<p class="-button">
										Lesen Sie mehr und buchen									</p>
								</a>
													</div>

					</div>
									<div class="flex flex-col items-center justify-between pb-5 w-full max-w-[35rem]  tablet:max-w-[45rem] bg-whiteish rounded-lg">
						<div class="flex flex-col items-start w-full">

							<img decoding="async" class="h-[19rem] mobile:h-[11rem] object-cover w-full rounded-t-lg" src="https://astridlindgrensvarld.se/wp-content/uploads/2024/05/ronja-kvall1.jpg" alt="">
							<div class="flex flex-col gap-3 px-5 py-4">
								<div class="flex flex-col gap-2">

									<p class="text-brightRed -demi text-[14px]">
										Astrid Lindgrens Värld, Den lilla staden										</h5>
									<h3 class="text-red -demi -small">3 nätter till priset av 2</h5>
								</div>

								<p>Besök Astrid Lindgrens Värld två dagar under Höstlovet och övernatta i vårt gästboende, alldeles intill parken. Unna dig extra tid i miljön kring vårt unika gästboende, vi bjuder på sista natten.

</p>
																	<div class="flex flex-col">
										<p class="uppercase text-red -demi text-[14px] pb-1">Was ist im Paket enthalten?</h5>
										<ul class="list-disc list-outside pl-3 max-w-[25rem] text-brightRed ">
																							<li class="text-black marker:text-brightRed marker:text-[1.4rem] pl-1 leading-[1.2] text-[14px]">
													2-dagars entré till Astrid Lindgrens Värld												</li>
																							<li class="text-black marker:text-brightRed marker:text-[1.4rem] pl-1 leading-[1.2] text-[14px]">
													3  nätter till priset av två  i Astrid Lindgrens Världs gästboende												</li>
																					</ul>
									</div>
															</div>
						</div>

						<div class="flex w-full px-5">

															<a href="https://astridlindgrensvarld.se/erbjudande/3-natter-till-priset-av-2-hostlovsoppet/" class="w-full mt-3 text-center btn">
									<p class="-button">
										Lesen Sie mehr und buchen									</p>
								</a>
													</div>

					</div>
									</div>
	</div>
</div>

<!-- This site is optimized with the Yoast SEO plugin v27.5 - https://yoast.com/product/yoast-seo-wordpress/ -->
<title>Herbstferien-Angebot | Astrid Lindgrens Värld</title>
<meta name="robots" content="index, follow, max-snippet:-1, max-image-preview:large, max-video-preview:-1" />
<link rel="canonical" href="https://astridlindgrensvarld.se/de/angebot/herbstferien-angebot/" />
<meta property="og:locale" content="de_DE" />
<meta property="og:type" content="article" />
<meta property="og:title" content="Herbstferien-Angebot | Astrid Lindgrens Värld" />
<meta property="og:url" content="https://astridlindgrensvarld.se/de/angebot/herbstferien-angebot/" />
<meta property="og:site_name" content="Astrid Lindgrens Värld" />
<meta name="twitter:card" content="summary_large_image" />
<script type="application/ld+json" class="yoast-schema-graph">{"@context":"https:\/\/schema.org","@graph":[{"@type":"WebPage","@id":"https:\/\/astridlindgrensvarld.se\/de\/angebot\/herbstferien-angebot\/","url":"https:\/\/astridlindgrensvarld.se\/de\/angebot\/herbstferien-angebot\/","name":"Herbstferien-Angebot | Astrid Lindgrens Värld","isPartOf":{"@id":"https:\/\/astridlindgrensvarld.se\/#website"},"datePublished":"2025-11-06T08:19:14+00:00","breadcrumb":{"@id":"https:\/\/astridlindgrensvarld.se\/de\/angebot\/herbstferien-angebot\/#breadcrumb"},"inLanguage":"de","potentialAction":[{"@type":"ReadAction","target":["https:\/\/astridlindgrensvarld.se\/de\/angebot\/herbstferien-angebot\/"]}]},{"@type":"BreadcrumbList","@id":"https:\/\/astridlindgrensvarld.se\/de\/angebot\/herbstferien-angebot\/#breadcrumb","itemListElement":[{"@type":"ListItem","position":1,"name":"Home","item":"https:\/\/astridlindgrensvarld.se\/de\/"},{"@type":"ListItem","position":2,"name":"Herbstferien-Angebot"}]},{"@type":"WebSite","@id":"https:\/\/astridlindgrensvarld.se\/#website","url":"https:\/\/astridlindgrensvarld.se\/","name":"Astrid Lindgrens Värld","description":"","potentialAction":[{"@type":"SearchAction","target":{"@type":"EntryPoint","urlTemplate":"https:\/\/astridlindgrensvarld.se\/?s={search_term_string}"},"query-input":{"@type":"PropertyValueSpecification","valueRequired":true,"valueName":"search_term_string"}}],"inLanguage":"de"}]}</script>
<!-- / Yoast SEO plugin. -->

Herbstferien-Angebot | Astrid Lindgrens Värld

Astrid Lindgrens Värld
